be b(8). Let s(u) = -3*u**2 + 12*u - 1. Let m(a) = 2*a**2 - 6*a. Let t(r) = 5*m(r) + 3*s(r). Give t(l).
-3
Let g(k) be the first derivative of 5*k**2 - 1. Suppose 2*h + 3*h = 5*s - 25, -3*s - h + 7 = 0. Suppose -f + 5 = -s*n - 0*f, 4*n + 2*f = 0. Determine g(n).
-10
Let u = 35 - 39. Let a be 2/(-2)*(-5 - (4 + u)). Let w(b) = -b**3 + 4*b**2 + 6*b - 1. Determine w(a).
4
Let z(p) = -3*p - 2*p + 8*p + 0*p + p - 8. What is z(4)?
8
Let o(l) = -l**2 + 3*l - 7. Let p(n) = 3*n**2 - 5*n + 15. Let t(d) = -7*o(d) - 3*p(d). Give t(-4).
-4
Let q(c) = c**2 - c + 4. Let n be q(0). Let p(o) = -2*o + 2*o - 3 + n*o + 5. Suppose -8 = 3*f + 4. Determine p(f).
-14
Let b be 0/(-3) - 4/(-1). Let q(y) = 4*y + 6. Let w(i) = 4*i - 3*i + 3*i - 11 - 11*i. Let m(a) = -5*q(a) - 3*w(a). Determine m(b).
7
Suppose -4*p = 3*v + 17, 20*p = -4*v + 15*p - 22. Let y(m) = 5*m + 5. Calculate y(v).
-10
Let i(g) be the first derivative of 1/3*g**3 - 3/2*g**4 + 3 + g + 1/2*g**2. Let d = -2 + 1. Give i(d).
7
Let l(m) = -5 + 4 + m + m**3 - 2*m**2 - 2*m**2. Suppose 3*i - 14 = -2. Suppose -4 = 2*t + 5*q, 0*q + 22 = i*t - 5*q. Calculate l(t).
-7
Let b(l) = 847*l**3 - 848*l**3 - 1 - 4*l**2 + 7*l - 10*l. Let g(r) = r**2 - 6*r - 4. Let a be g(6). Let w be a - (-1 + 1 + -2). What is b(w)?
-3
Let s(l) = -6*l**2 - 5*l - 4*l**3 + 3 + 0*l**3 + 3*l**3. Let o = -3395 + 3391. Determine s(o).
-9
Let w(m) = m**2 - 6*m - 5. Suppose -20*d + 25 = -75. Calculate w(d).
-10
Let p(h) = h**3 + 2*h**2 - 18*h - 4. Let g(y) = -y**3 - 3*y**2 + 20*y + 4. Let c(z) = -5*g(z) - 6*p(z). Determine c(5).
-6
Let u(m) = m**3 - m**2 - m - 4. Let k = 6 + -8. Let n(f) = 7*f**2 + 7*f + 1. Let h be n(-1). Let j be h/(k/(-6)) + -3. What is u(j)?
-4
Let w(y) = 3*y**2 - 4*y**2 + y - 9*y**2. Let z = 6 - 7. Determine w(z).
-11
Let j(v) = -5 + 3*v**2 + 2 + 2. Let m = -28 + 31. Let u be ((-3)/1)/m + 2. Give j(u).
2
Let b(q) = 9*q - 338 + 0*q**2 + 344 - 13*q + 4*q**2 + q**3. Suppose s - 1 = 7. Suppose -14 = d + 3*j - 0*j, 4*j - s = 4*d. Give b(d).
1
Let p(t) = -2*t**3 + t**2 - 4*t + 3. Let m(k) = 7*k - 11. Let g(u) = -8*u + 10. Let j(n) = -5*g(n) - 6*m(n). Let w = 20 + -13. Let h be j(w). Determine p(h).
-17
Let q(r) be the second derivative of 0 - r**2 - 1/8*r**4 + 0*r**3 - 4*r. Let w(v) be the first derivative of q(v). What is w(1)?
-3
Let q(o) = 9*o + 11. Let z(w) = 11*w + 9. Let a(s) = 4*q(s) - 3*z(s). Determine a(-13).
-22
Let p be (-3 + 0)*40/(-6). Suppose -7*l + 2*l = p. Let i(z) = 13*z**2 + 3*z - 4*z**2 - 1 + 0*z - 8*z**2. Determine i(l).
3
Let x(b) be the first derivative of -b**4/2 - b**3/3 - b**2 - 3*b + 7. Suppose 17*a + 51 = 17. Calculate x(a).
13
Let z be 12 + 2 - (-5 - (-63)/7). Let g(r) = 6*r + 2. Determine g(z).
62
Let i(o) = o + 5. Let u be i(-6). Let f(j) = -j**2 + j. Let r = -29 + 35. Let x(k) = -7*k**2 + 9*k. Let c(w) = r*f(w) + u*x(w). Determine c(3).
0
Let a(r) = -202 + 91 - r + 93. What is a(-10)?
-8
Let q(d) = 16*d + 0*d - 15*d - 12. Let g be q(6). Let n(t) = t**3 + 7*t**2 + 5*t + 2. Determine n(g).
8
Let g be 5/(-45) - (-901)/(-153). Let q(i) = 3*i. Give q(g).
-18
Let k(j) = j**2 - 3*j - 1. Let l(g) = g. Let p(y) = -k(y) + 2*l(y). Suppose -4*s - 123 = 3*f, -2*s = -4*f + 23 + 11. Let v = s - -31. What is p(v)?
5
Let t(z) = -4*z + 1. Let m be 6/10 - 36/(-15). Suppose 2*d = -m*d + 25. Suppose -5*y + k + 11 = -2, 5*y + 5*k + d = 0. What is t(y)?
-7
Let q be 70/4 - 4/8. Let x(u) = 9*u**3 - 2*u**2 - 4*u + 5. Let a(d) = -27*d**3 + 6*d**2 + 11*d - 14. Let b(s) = q*x(s) + 6*a(s). Determine b(1).
-8
Let m(r) = -r**2 + 6*r + 11. Suppose 4*n = a - 1, 2*n - 2*a + 4 = 2. Suppose -3*b - 9 = n, 3*b = -4*y + 11 + 12. Give m(y).
-5
Let l(w) be the first derivative of w**4/4 + 4*w**3/3 + w**2 - 3*w - 2. Suppose 21 = 5*a + 1. Suppose -2*f - 4*c - 20 + a = 0, -2*c - 4 = 0. What is l(f)?
-11
Let f = -80 + 20. Let c be (f/(-35))/(1/7). Suppose 5*w + 10 = -2*k + 25, -c = 5*k - 4*w. Let b(v) = -v**2 - 6. Calculate b(k).
-6
Let y(z) = -15*z**3 - 4*z**2 + 2*z + 22 + 16*z**3 - 18. Give y(3).
1
Let m(u) be the second derivative of -u**4/12 - 7*u - 20. What is m(-3)?
-9
Let j = -240 - -226. Let p(z) = z**3 + 14*z**2 + 2. What is p(j)?
2
Suppose 0*s = -7*s - 77. Let u(g) = g**2 + 10*g - 15. Determine u(s).
-4
Let s(q) = q**2 - 5*q - 12. Let a be s(7). Let m(w) = w + 2*w - 5 - w**a + 6 - 4*w. Let g be m(0). Let v(n) = 3*n**2 + n. Determine v(g).
4
Let l(q) = q - 4. Let w be 2/3*(4 - (-7 - -5)). Suppose w*i + 0*f = -f + 18, 4*i - 10 = 3*f. Calculate l(i).
0
Let z be (-14 + 13)*6 - (4 - -2). Let t(v) = 4*v + 6. Calculate t(z).
-42
Let s(l) = -l**2 - l + 7. Suppose -334 = 3*g - 352. Give s(g).
-35
Let c(b) = -21*b**2 + 2*b - 15. Let z(u) = -4*u**2 - u - 2. Let x(k) = c(k) - 5*z(k). What is x(8)?
-13
Suppose 6*z = 2*z + 20. Let j(c) = -c**3 - 10*c**2 + 12*c + 13. Let x be j(-11). Let t(l) = -4*l + x - 3*l + 8*l. Give t(z).
7
Let w = 133 - 130. Suppose 2*k = -w*z - 12, 4*z + 2 = -k - 9. Let x(c) = 2*c**2 + 3*c. Calculate x(z).
2
Let f(r) = r**3 + r**2 - r. Suppose 0*g - 24 = -n - 3*g, -7 = -3*n + 4*g. Suppose -12 = -n*s + 15*s. Give f(s).
-2
Let n(m) = 3*m**2 + m + 1. Let p(l) = -4*l**2 + l - 4. Let y(d) = n(d) + p(d). Calculate y(3).
-6
Let w(d) = 24*d**2 - 5*d - 1. Let u(z) = 23*z**2 - 4*z - 1. Let s(t) = -3*u(t) + 2*w(t). Give s(-1).
-22
Suppose 5*f - 3*y - 17 = 0, 6*y = 4*y - 8. Let p be 2 - f*-3*(-4)/(-12). Let a(i) = i**2 - 6*i + 3. Give a(p).
-6
Let b(d) = -d**2 + d + 2. Let p be b(0). Let r(w) = -4 - 112*w**3 - 3 + 111*w**3 + 2*w + 5*w**2 + p*w**2. What is r(7)?
7
Let m(i) = -12*i**2 + 2*i + 1. Let f(n) = n**2 - 2*n - 11. Let t be f(6). Suppose -3*c - t = -10. Determine m(c).
-13
Suppose -5*a = m - 71, -a - a - 128 = -3*m. Suppose 47*l - 1 = m*l. Let w(s) = s + 1. Give w(l).
2
Let j(d) = -d**3 - 3*d**2 + 2*d - 2. Let p(a) = 4*a - 22. Let q = -53 + 59. Let f be p(q). What is j(f)?
-18
Let q(w) = 5*w**3 + 6*w**2 - 8*w - 5. Let a(i) = 13*i**3 + 17*i**2 - 21*i - 16. Let g(h) = -3*a(h) + 8*q(h). What is g(0)?
8
Let m(c) = c**3 - 14*c**2 - 20. Suppose 7*v + 20 = 11*v, -3*j + 47 = v. Determine m(j).
-20
Let j be 0/((-7)/(28/(-8))). Suppose -q - 2*q + 25 = 2*o, j = 2*o - 4*q + 10. Suppose o*f + 5*z = -10, -2 = -3*z + 7. Let w(g) = -g**2 - 4*g - 4. Give w(f).
-9
Let i = 954 - 957. Let a(d) = -2*d**2 - 4*d + 5. Calculate a(i).
-1
Let o(v) be the third derivative of v**5/60 + v**4/8 - 5*v**3/6 + 2*v**2. Let z(k) = -3*k**2 + 4*k + 3. Let d be (-12)/7 + 2 - 9/7. Let t be z(d). Give o(t).
-1
Let t(x) = -x**3 - 7*x**2 - 1. Let n(q) = -8*q**2 - 4*q - 3. Let z be n(0). What is t(z)?
-37
Let b(j) = -j**3 + 5*j**2 + 5*j - 7. Suppose 3*q - 4*z - 2 = 0, -31*q - 3*z = -26*q - 42. Give b(q).
-13
Let c(f) = f + 19. Let q be c(-16). Let t(m) = q*m**2 + m - m**2 + 5 - 6*m**2 + 3*m**2. Let u(y) = y + 4. Let p be u(-4). Calculate t(p).
5
Suppose -6 = 3*w - 5*s + 3, 0 = s - 3. Suppose -w*d = -13 - 11. Let g(r) = -2*r + r - 5 + d. What is g(0)?
7
Let n(y) = -4*y**3 - 13*y**2 + 2*y - 9. Let f(h) = 12*h**2 + 0*h - h + 6*h**3 + 12 - 3*h**3 - 4. Let v(t) = -3*f(t) - 2*n(t). What is v(-10)?
4
Let y(s) be the first derivative of -2 + 1/3*s**3 + 9/2*s**2 + 6*s. Let t(h) = h**3 + 7*h**2 + 9*h + 12. Let w be t(-6). Determine y(w).
-12
Let s(u) = 29*u - 74*u - 1 + 23*u + 12 + 21*u. Determine s(7).
4
Let f(k) = 16*k**3 - 15*k**3 - 5 + 7*k**2 + k + 3*k - 2*k**2. What is f(-4)?
-5
Let p(t) = t + 3. Let w be -16 - -13 - 12/3. What is p(w)?
-4
Let f(h) = 2*h**3 + 2*h**2 + h + 1. Let a(c) = 5*c**3 + 5*c**2 + c + 4. Let x(y) = -3*a(y) + 7*f(y). Calculate x(-4).
27
Let f(a) = -3*a - 15. Let h = 220 - 226. Calculate f(h).
3
Suppose 0 = 3*h + 4*z - 22, 256*h = 257*h + z - 7. Let g(p) = -p**2 + 2*p - 1. What is g(h)?
-25
Suppose 3*p = 2*c + 30, -4*p = -4 + 12. Suppose -10*o + 13*o - 51 = 0. Let k = c + o. Let v(x) = 5*x**2 - 1. Determine v(k).
4
Let d(u) = -2*u - 7 - u**2 + 17 + u**3 - 6*u**2. Let n = -182 - -189. Calculate d(n).
-4
Let w(a) = -5*a**2 + 8*a - 16. Let p(y) = 2*y**2 + y + 9. Let u(m) = -m - 1. Let b(t) = -p(t) - 4*u(t). Let n(g) = 8*b(g) - 3*w(g). Determine n(0).
8
Let d(t) = -8*t + 21*t - 15*t - t**2 - 1. Let h = -1 + -1. Give d(h).
-1
Let n be (5/5)/6*2. Let i(f) be the third derivative of 0*f - 7*f**2 + 0*f**4 - 1/120*f**6 + 0 + 1/20*f**5 + n*f**3. Determine i(3).
2
L